{"id":1720,"date":"2023-08-28T19:05:35","date_gmt":"2023-08-28T17:05:35","guid":{"rendered":"https:\/\/arquim3dx.com\/?page_id=1720"},"modified":"2023-09-02T19:27:59","modified_gmt":"2023-09-02T17:27:59","slug":"caso-2","status":"publish","type":"page","link":"https:\/\/arquim3dx.com\/index.php\/caso-2\/","title":{"rendered":"Caso 2"},"content":{"rendered":"<p>Advertencia: debido a que el TC o RM se procesan en el dispositivo desde el que est\u00e1 visualizando esta web, dependiendo de \u00e9ste la carga inicial puede demorarse de unos segundos a alg\u00fan minuto.<\/p>\n\n<h2 style=\"text-align: center;\">Sagital DP Fat-Sat<\/h2>\n\n\n<div class=\"wp-block-columns is-layout-flex wp-container-2 wp-block-columns-is-layout-flex\">\n<div class=\"wp-block-column is-layout-flow wp-block-column-is-layout-flow\">\n<div class=\"wp-block-dicomsupport-dcm\">\n    <!-- Main container div -->\n    <div id=\"dwv-69df239e77ce3\" class=\"dwv\" >\n      <!-- Toolbar -->\n      <div id=\"toolbar-69df239e77ce3\" class=\"toolbar\"><\/div>\n      <!-- Layer Container -->\n      <div id=\"layerGroup-69df239e77ce3\" class=\"layerGroup\">\n      <\/div>\n    <\/div><!-- \/dwv -->\n    <\/div>\n<\/div>\n<\/div>\n\n\n<h2 style=\"text-align: center;\">Axial DP Fat-Sat<\/h2>\n\n\n<div class=\"wp-block-dicomsupport-dcm\">\n    <!-- Main container div -->\n    <div id=\"dwv-69df239e79c61\" class=\"dwv\" >\n      <!-- Toolbar -->\n      <div id=\"toolbar-69df239e79c61\" class=\"toolbar\"><\/div>\n      <!-- Layer Container -->\n      <div id=\"layerGroup-69df239e79c61\" class=\"layerGroup\">\n      <\/div>\n    <\/div><!-- \/dwv -->\n    <\/div>\n\n\n\n<p><\/p>\n","protected":false},"excerpt":{"rendered":"<p>Advertencia: debido a que el TC o RM se procesan en el dispositivo desde el que est\u00e1 visualizando esta web, dependiendo de \u00e9ste la carga inicial puede demorarse de unos segundos a alg\u00fan minuto. Sagital DP Fat-Sat Axial DP Fat-Sat<\/p>\n","protected":false},"author":1,"featured_media":0,"parent":0,"menu_order":0,"comment_status":"closed","ping_status":"closed","template":"","meta":{"footnotes":""},"_links":{"self":[{"href":"https:\/\/arquim3dx.com\/index.php\/wp-json\/wp\/v2\/pages\/1720"}],"collection":[{"href":"https:\/\/arquim3dx.com\/index.php\/wp-json\/wp\/v2\/pages"}],"about":[{"href":"https:\/\/arquim3dx.com\/index.php\/wp-json\/wp\/v2\/types\/page"}],"author":[{"embeddable":true,"href":"https:\/\/arquim3dx.com\/index.php\/wp-json\/wp\/v2\/users\/1"}],"replies":[{"embeddable":true,"href":"https:\/\/arquim3dx.com\/index.php\/wp-json\/wp\/v2\/comments?post=1720"}],"version-history":[{"count":7,"href":"https:\/\/arquim3dx.com\/index.php\/wp-json\/wp\/v2\/pages\/1720\/revisions"}],"predecessor-version":[{"id":3125,"href":"https:\/\/arquim3dx.com\/index.php\/wp-json\/wp\/v2\/pages\/1720\/revisions\/3125"}],"wp:attachment":[{"href":"https:\/\/arquim3dx.com\/index.php\/wp-json\/wp\/v2\/media?parent=1720"}],"curies":[{"name":"wp","href":"https:\/\/api.w.org\/{rel}","templated":true}]}}